{"id":6,"date":"2016-03-19T13:29:51","date_gmt":"2016-03-19T11:29:51","guid":{"rendered":"http:\/\/olkkoset.net\/site\/?page_id=6"},"modified":"2016-03-20T17:48:39","modified_gmt":"2016-03-20T15:48:39","slug":"sukuhaarat","status":"publish","type":"page","link":"https:\/\/www.olkkoset.net\/site\/sukuhaarat\/","title":{"rendered":"Sukuhaarat"},"content":{"rendered":"<section class='quest-row ' style='background-attachment:fixed; padding-top:30px; padding-bottom:30px; border-top-width:0px; border-bottom-width:0px; border-top-color:#e5e5e5; border-bottom-color:#e5e5e5' id='pt_pb_section__1_1458488444' >\n<div class='container'>\n<div class='row  ' style='padding-top:0px; padding-bottom:0px'>\n<div class='meta-slider-wrapper '><div id=\"metaslider-id-66\" style=\"width: 100%; margin: 0 auto;\" class=\"ml-slider-3-108-0 metaslider metaslider-flex metaslider-66 ml-slider has-dots-nav ms-theme-default\" role=\"region\" aria-label=\"Sukuhaarat\" data-height=\"412\" data-width=\"1170\">\n    <div id=\"metaslider_container_66\">\n        <div id=\"metaslider_66\">\n            <ul class='slides'>\n                <li style=\"display: block; width: 100%;\" class=\"slide-211 ms-image \" aria-roledescription=\"slide\" data-date=\"2016-06-13 08:50:20\" data-filename=\"header_sukuhaarat.jpg\" data-slide-type=\"image\"><img loading=\"lazy\" decoding=\"async\" src=\"https:\/\/www.olkkoset.net\/site\/wp-content\/uploads\/2016\/06\/header_sukuhaarat.jpg\" height=\"412\" width=\"1170\" alt=\"\" class=\"slider-66 slide-211 msDefaultImage\" \/><\/li>\n            <\/ul>\n        <\/div>\n        \n    <\/div>\n<\/div><\/div>\n<\/p><\/div>\n<\/p><\/div>\n<div class='container'>\n<div class='row  ' style='padding-top:0px; padding-bottom:0px'>\n<div class='col-md-6 ' style='border-left-width:0px; border-right-width:0px'>\n<div class='quest-col-wrap'>\n<div data-wow-delay='600ms' class='quest-module-wrap ' style='padding-top:0px; padding-bottom:0px; padding-left:0px; padding-right:0px; margin-bottom:20px'>\n<div class='module-text'>\n<p><span class=\"leipis\">N\u00e4m\u00e4 sivut ovat ensisijaisesti suunnattu Maria, Jeremias, Karoliina, Antti, Vilppu ja Eva Lydia Olkkosen j\u00e4lkel\u00e4isille ja heid\u00e4n puolisoilleen. Jos jatkossa saamme selvitetty\u00e4 sukuamme kauemmas, niin saattaa olla, ett\u00e4 sivuston kohderyhm\u00e4 t\u00e4st\u00e4 laajenee.<\/span><\/p>\n<p>Olemme nimenneet Olkkoset kuuteen sukuhaaraan n\u00e4iden kuuden sisaruksen mukaan, jotka kaikki ovat Jeremias Filipinpojan ja Fredrika Andersintyt\u00e4r Roligin lapsia.<\/p>\n<p>T\u00e4h\u00e4n verkkopalveluun kuuluu lis\u00e4ksi salasanalla suojatut sivut, jotka sis\u00e4lt\u00e4v\u00e4t vain suvun j\u00e4senille tarkoitettua tietoa.<\/p>\n<p>Sielt\u00e4 l\u00f6ytyy aluksi sukutaulut, jotka kertovat eri suvun j\u00e4senten paikan sukupuussa. My\u00f6hemmin on tarkoitus lis\u00e4t\u00e4 informaation m\u00e4\u00e4r\u00e4\u00e4.<\/p>\n<\/div>\n<\/div><\/div>\n<\/div>\n<div class='col-md-6 ' style='border-left-width:0px; border-right-width:0px'>\n<div class='quest-col-wrap'>\n<div data-wow-delay='800ms' class='quest-module-wrap ' style='padding-top:0px; padding-bottom:0px; padding-left:0px; padding-right:0px; margin-bottom:20px'>\n<figure style='text-align:center;'><a target='_blank' href='https:\/\/www.olkkoset.net\/site\/wp-content\/uploads\/2016\/03\/vaakuna.gif' class='lightbox gallery'><img src='https:\/\/www.olkkoset.net\/site\/wp-content\/uploads\/2016\/03\/vaakuna.gif' \/><\/a><\/figure>\n<\/div><\/div>\n<\/div><\/div>\n<\/p><\/div>\n<\/section>\n","protected":false},"excerpt":{"rendered":"<p>N\u00e4m\u00e4 sivut ovat ensisijaisesti suunnattu Maria, Jeremias, Karoliina, Antti, Vilppu ja Eva Lydia Olkkosen j\u00e4lkel\u00e4isille ja heid\u00e4n puolisoilleen. Jos jatkossa saamme selvitetty\u00e4 sukuamme kauemmas, niin saattaa olla, ett\u00e4 sivuston kohderyhm\u00e4 t\u00e4st\u00e4 laajenee. Olemme nimenneet Olkkoset kuuteen sukuhaaraan n\u00e4iden kuuden sisaruksen mukaan, jotka kaikki ovat Jeremias Filipinpojan ja Fredrika Andersintyt\u00e4r Roligin lapsia. T\u00e4h\u00e4n verkkopalveluun kuuluu lis\u00e4ksi [&hellip;]<\/p>\n","protected":false},"author":1,"featured_media":0,"parent":0,"menu_order":0,"comment_status":"closed","ping_status":"closed","template":"page-builder.php","meta":{"footnotes":""},"class_list":["post-6","page","type-page","status-publish","hentry"],"_links":{"self":[{"href":"https:\/\/www.olkkoset.net\/site\/wp-json\/wp\/v2\/pages\/6","targetHints":{"allow":["GET"]}}],"collection":[{"href":"https:\/\/www.olkkoset.net\/site\/wp-json\/wp\/v2\/pages"}],"about":[{"href":"https:\/\/www.olkkoset.net\/site\/wp-json\/wp\/v2\/types\/page"}],"author":[{"embeddable":true,"href":"https:\/\/www.olkkoset.net\/site\/wp-json\/wp\/v2\/users\/1"}],"replies":[{"embeddable":true,"href":"https:\/\/www.olkkoset.net\/site\/wp-json\/wp\/v2\/comments?post=6"}],"version-history":[{"count":4,"href":"https:\/\/www.olkkoset.net\/site\/wp-json\/wp\/v2\/pages\/6\/revisions"}],"predecessor-version":[{"id":70,"href":"https:\/\/www.olkkoset.net\/site\/wp-json\/wp\/v2\/pages\/6\/revisions\/70"}],"wp:attachment":[{"href":"https:\/\/www.olkkoset.net\/site\/wp-json\/wp\/v2\/media?parent=6"}],"curies":[{"name":"wp","href":"https:\/\/api.w.org\/{rel}","templated":true}]}}